alse
Is 25931 composite?
False
Is 16529 prime?
True
Is 1347 composite?
True
Is 88535 prime?
False
Is 727459 a composite number?
False
Is 195731 composite?
False
Is 2161 composite?
False
Is 94687 a prime number?
True
Is 467563 a composite number?
True
Is 26557 composite?
False
Is 1105877 prime?
False
Is 27955 a composite number?
True
Is 4409 composite?
False
Is 186839 a composite number?
True
Is 246115 a prime number?
False
Is 316951 a prime number?
True
Is 117497 composite?
False
Is 196619 composite?
True
Is 30021 composite?
True
Is 6947 a prime number?
True
Is 13057 prime?
False
Is 67501 composite?
True
Is 1837 composite?
True
Is 2477 composite?
False
Is 156589 composite?
False
Is 28429 a composite number?
False
Is 5273 composite?
False
Is 128965 a composite number?
True
Is 524921 prime?
True
Is 11906 a prime number?
False
Is 553039 a prime number?
False
Is 98357 composite?
True
Is 41917 a composite number?
True
Is 9147 prime?
False
Is 289753 composite?
True
Is 177757 composite?
True
Is 332039 a composite number?
False
Is 18371 a prime number?
True
Is 54177 a composite number?
True
Is 45707 prime?
True
Is 127783 composite?
True
Is 42611 a composite number?
False
Is 489 a prime number?
False
Is 30341 composite?
False
Is 38002 prime?
False
Is 900001 a prime number?
True
Is 11967 a composite number?
True
Is 37119 a prime number?
False
Is 21553 a composite number?
True
Is 4547 composite?
False
Is 60859 a prime number?
True
Is 31957 a prime number?
True
Is 42169 a prime number?
True
Is 13418 composite?
True
Is 1193 prime?
True
Is 4547 a composite number?
False
Is 14569 composite?
True
Is 233549 composite?
False
Is 3113 a prime number?
False
Is 716857 composite?
False
Is 7037 a prime number?
False
Is 919559 a prime number?
True
Is 72217 a prime number?
False
Is 74541 composite?
True
Is 86969 prime?
True
Is 16329 a composite number?
True
Is 13049 a prime number?
True
Is 14339 a prime number?
False
Is 257371 a prime number?
True
Is 7639 a composite number?
False
Is 411089 a composite number?
True
Is 31957 prime?
True
Is 682357 prime?
False
Is 110543 a composite number?
False
Is 47221 a prime number?
True
Is 317183 prime?
False
Is 29195 a composite number?
True
Is 38903 prime?
True
Is 18607 prime?
False
Is 20841 composite?
True
Is 9803 a prime number?
True
Is 28643 a composite number?
False
Is 54181 a prime number?
True
Is 32003 a prime number?
True
Is 244061 a prime number?
False
Is 2121837 a prime number?
False
Is 634741 a prime number?
True
Is 25667 prime?
True
Is 3299 composite?
False
Is 5557 composite?
False
Is 3593 a composite number?
False
Is 204467 composite?
True
Is 2657 prime?
True
Is 941 a composite number?
False
Is 40811 a composite number?
True
Is 1841 a prime number?
False
Is 43213 a composite number?
True
Is 25339 prime?
True
Is 376709 a prime number?
True
Is 145943 prime?
False
Is 30179 composite?
True
Is 435619 composite?
False
Is 334003 composite?
True
Is 759871 a composite number?
True
Is 1241393 prime?
False
Is 765923 a composite number?
True
Is 20057 prime?
False
Is 46301 a composite number?
False
Is 223 a prime number?
True
Is 5447 composite?
True
Is 9809 composite?
True
Is 8119 a composite number?
True
Is 12361 a prime number?
False
Is 359869 a composite number?
False
Is 487889 a prime number?
True
Is 1022702 composite?
True
Is 137983 a prime number?
True
Is 2811397 composite?
False
Is 83098 composite?
True
Is 6587 prime?
False
Is 1861913 prime?
True
Is 3070127 a composite number?
False
Is 799 a composite number?
True
Is 29485 composite?
True
Is 29897 a composite number?
True
Is 5615 a composite number?
True
Is 114073 prime?
True
Is 100445 a prime number?
False
Is 1114631 composite?
True
Is 213677 a prime number?
False
Is 19253 prime?
False
Is 21313 a composite number?
False
Is 3946 composite?
True
Is 351562 a composite number?
True
Is 10033 prime?
False
Is 129887 composite?
False
Is 254105 a prime number?
False
Is 59291 a prime number?
False
Is 2459 a composite number?
False
Is 1335431 a composite number?
False
Is 40381 composite?
True
Is 9649 composite?
False
Is 278543 prime?
True
Is 78059 a composite number?
False
Is 42591 a composite number?
True
Is 28789 composite?
False
Is 519007 a prime number?
False
Is 500719 a prime number?
True
Is 35147 composite?
True
Is 145627 composite?
True
Is 7507 a composite number?
False
Is 22267 prime?
False
Is 15634 prime?
False
Is 202049 a prime number?
True
Is 1037 composite?
True
Is 11209 composite?
True
Is 17635 prime?
False
Is 155573 prime?
False
Is 13453 a prime number?
False
Is 703 a composite number?
True
Is 207169 a composite number?
False
Is 3371 prime?
True
Is 27647 a prime number?
True
Is 233927 a composite number?
True
Is 9091 a prime number?
True
Is 392423 a prime number?
True
Is 56417 a prime number?
True
Is 20671 composite?
True
Is 3199 prime?
False
Is 13641 a prime number?
False
Is 16097 composite?
False
Is 25523 prime?
True
Is 3670009 a composite number?
True
Is 43198 a prime number?
False
Is 363569 composite?
False
Is 1757849 composite?
False
Is 1623 composite?
True
Is 176299 composite?
False
Is 14131 prime?
False
Is 45313 a prime number?
False
Is 63073 prime?
True
Is 36029 composite?
True
Is 49145 composite?
True
Is 111263 composite?
False
Is 42803 a composite number?
True
Is 4381 composite?
True
Is 16045 composite?
True
Is 2863 composite?
True
Is 561761 a prime number?
True
Is 287 a prime number?
False
Is 174371 prime?
False
Is 84947 prime?
True
Is 46955 composite?
True
Is 6761 a composite number?
False
Is 16217 a composite number?
False
Is 870286 composite?
True
Is 414721 a composite number?
False
Is 1625171 a composite number?
False
Is 138617 a prime number?
True
Is 6937 a prime number?
False
Is 9166 a composite number?
True
Is 82883 composite?
False
Is 483763 a composite number?
True
Is 116911 a prime number?
True
Is 107117 a prime number?
False
Is 527 composite?
True
Is 429215 a composite number?
True
Is 467767 composite?
True
Is 97453 composite?
False
Is 17783 a composite number?
False
Is 2333 composite?
False
Is 48971 prime?
False
Is 8889 composite?
True
Is 2237 composite?
False
Is 125329 prime?
True
Is 8951 prime?
True
Is 8453 composite?
True
Is 472019 prime?
True
Is 262763 composite?
True
Is 60539 a composite number?
False
Is 282839 a composite number?
True
Is 908885 composite?
True
Is 272467 a composite number?
True
Is 14461 composite?
False
Is 1973 a composite number?
False
Is 56657 composite?
True
Is 8935 prime?
False
Is 59739 a prime number?
False
Is 3323659 prime?
True
Is 277157 a composite number?
False
Is 703 a prime number?
False
Is 86861 composite?
False
Is 580133 composite?
False
Is 3421479 a composite number?
True
Is 49694 a composite number?
True
Is 1860947 a prime number?
False
Is 7807 composite?
True
Is 4174 composite?
True
Is 234123 a prime number?
False
Is 234713 composite?
False
Is 12707 prime?
False
Is 52493 a prime number?
False
Is 265679 composite?
True
Is 11311 a composite number?
False
Is 80887 a composite number?
True
Is 4393 a composite number?
True
Is 55799 a prime number?
True
Is 10541 prime?
False
Is 792349 a composite number?
True
Is 2923 a composite number?
True
Is 479 composite?
False
Is 137687 composite?
True
Is 4117 composite?
True
Is 13259 a composite number?
False
Is 1141 a composite number?
True
Is 35491 a composite number?
False
Is 1193153 composite?
True
Is 981871 prime?
False
Is 5923 a composite number?
False
Is 89641 composite?
True
Is 2819 a prime number?
True
Is 687179 a prime number?
True
Is 42323 a composite number?
False
Is 911 a prime number?
True
Is 103123 a prime number?
True
Is 4197 prime?
False
Is 84442 a composite number?
True
Is 72526 a prime number?
False
Is 3263 composite?
True
Is 22502 a composite number?
True
Is 16199 a composite number?
True
Is 288701 a composite number?
True
Is 58085 a prime number?
False
Is 12599 a prime number?
False
Is 2149 a composite number?
True
Is 613 a composite number?
False
Is 30881 prime?
True
Is 93017 composite?
True
Is 726751 composite?
False
Is 65761 composite?
False
Is 551329 prime?
False
Is 15815 a composite number?
True
Is 23869 prime?
True
Is 3785 composite?
True
Is 66221 a composite number?
False
Is 199751 composite?
False
Is 1801991 a prime number?
False
Is 14233 comp